12524?
False
Is 47 a factor of 1830857?
False
Is 120 a factor of 2517120?
True
Does 61 divide 177498?
False
Is 2057254 a multiple of 32?
False
Is 471 a factor of 171550?
False
Does 410 divide 10194650?
True
Does 46 divide 223467?
False
Is 2813729 a multiple of 341?
False
Does 6 divide 623636?
False
Does 33 divide 450247?
False
Is 8 a factor of 17824?
True
Does 127 divide 718566?
True
Is 43 a factor of 226363?
False
Does 24 divide 1068312?
True
Is 119784 a multiple of 56?
True
Is 168375 a multiple of 125?
True
Is 117468 a multiple of 468?
True
Is 148225 a multiple of 158?
False
Is 442084 a multiple of 32?
False
Is 616 a factor of 3931928?
True
Is 589797 a multiple of 179?
False
Is 17160 a multiple of 20?
True
Is 9840252 a multiple of 76?
True
Does 18 divide 5534482?
False
Does 70 divide 420?
True
Does 247 divide 3477266?
True
Is 7698450 a multiple of 850?
True
Does 2 divide 81708?
True
Does 187 divide 1199087?
False
Does 23 divide 71962?
False
Does 22 divide 434148?
True
Is 76 a factor of 73492?
True
Is 320 a factor of 1690874?
False
Does 12 divide 197676?
True
Is 13 a factor of 273147?
False
Is 612036 a multiple of 9?
True
Is 758385 a multiple of 19?
True
Is 590320 a multiple of 15?
False
Is 795 a factor of 2941500?
True
Is 16 a factor of 574496?
True
Is 1386506 a multiple of 62?
True
Does 466 divide 6393520?
True
Is 31 a factor of 7980903?
False
Is 137136 a multiple of 3?
True
Is 4384601 a multiple of 91?
False
Is 279 a factor of 218457?
True
Does 207 divide 1113246?
True
Does 1115 divide 9377150?
True
Is 435 a factor of 28331985?
True
Is 10 a factor of 7784219?
False
Is 443100 a multiple of 30?
True
Does 128 divide 839302?
False
Is 29 a factor of 783145?
True
Is 63 a factor of 490510?
False
Is 10667904 a multiple of 13?
True
Does 20 divide 1838500?
True
Is 23 a factor of 544387?
True
Is 101688 a multiple of 152?
True
Is 236 a factor of 1691412?
True
Is 3386240 a multiple of 22?
True
Is 42799 even?
False
Does 404 divide 452444?
False
Is 2743860 a multiple of 861?
False
Is 124 a factor of 10336640?
True
Is 189 a factor of 121338?
True
Is 83968 a multiple of 32?
True
Is 933408 a multiple of 504?
True
Does 67 divide 129645?
True
Is 1992376 a multiple of 4?
True
Does 13 divide 367732?
False
Is 56 a factor of 81026?
False
Is 10489 a multiple of 37?
False
Is 286563 a multiple of 109?
False
Is 4000 a multiple of 5?
True
Is 2352 a factor of 7247173?
False
Is 6 a factor of 85448?
False
Does 99 divide 585387?
True
Is 19584 even?
True
Does 21 divide 205863?
True
Does 12 divide 144996?
True
Does 363 divide 773916?
True
Does 19 divide 734429?
False
Is 277 a factor of 7513902?
True
Is 22 a factor of 194084?
True
Does 11 divide 7603062?
False
Does 62 divide 116932?
True
Is 16539138 a multiple of 198?
True
Is 2233248 a multiple of 25?
False
Is 3242413 even?
False
Is 1596942 a multiple of 275?
False
Is 29965 a multiple of 21?
False
Is 161285 a multiple of 206?
False
Does 220 divide 897600?
True
Is 16927820 a multiple of 91?
True
Is 2 a factor of 1946387?
False
Is 25821 a multiple of 61?
False
Is 2238618 a multiple of 19?
True
Is 5948111 a multiple of 5?
False
Is 118 a factor of 125198?
True
Is 104 a factor of 43794?
False
Is 981475 a multiple of 25?
True
Is 24317 a multiple of 178?
False
Is 33670 a multiple of 10?
True
Does 33 divide 197934?
True
Does 19 divide 1011656?
False
Is 1031360 a multiple of 11?
True
Is 59 a factor of 100613?
False
Does 5 divide 54706?
False
Does 22 divide 53620?
False
Is 1649138 a multiple of 794?
True
Is 15 a factor of 240030?
True
Is 218 a factor of 71991?
False
Does 62 divide 1237768?
True
Is 39 a factor of 1138739?
False
Is 672 a factor of 386736?
False
Is 116 a factor of 15326152?
True
Does 231 divide 1026564?
True
Is 1134000 a multiple of 24?
True
Is 527 a factor of 7880758?
True
Is 105770 a multiple of 70?
True
Does 148 divide 163540?
True
Is 95 a factor of 464407?
False
Is 115800 a multiple of 111?
False
Is 125 a factor of 45250?
True
Does 399 divide 557004?
True
Is 123415 a multiple of 48?
False
Is 15856562 a multiple of 14?
False
Is 19106400 a multiple of 1425?
True
Is 150176 a multiple of 494?
True
Is 67517 a multiple of 83?
False
Does 45 divide 206574?
False
Does 83 divide 126409?
True
Is 2006528 a multiple of 76?
False
Does 76 divide 197372?
True
Does 176 divide 813?
False
Does 385 divide 406174?
False
Does 892 divide 1938710?
False
Does 29 divide 34098?
False
Does 154 divide 175560?
True
Is 432 a factor of 205632?
True
Is 40334 a multiple of 469?
True
Is 174488 even?
True
Does 281 divide 368672?
True
Is 23987 a multiple of 19?
False
Is 101 a factor of 214960?
False
Is 157 a factor of 239927?
False
Is 25 a factor of 76800?
True
Is 20 a factor of 32260?
True
Is 149 a factor of 1398410?
False
Is 30 a factor of 1412355?
False
Does 22 divide 1787038?
True
Is 9803002 a multiple of 316?
False
Does 63 divide 7350487?
False
Is 3 a factor of 2802696?
True
Is 31 a factor of 102238?
True
Is 266715 a multiple of 18?
False
Does 10 divide 326540?
True
Is 161628 a multiple of 331?
False
Does 3 divide 7781?
False
Is 101 a factor of 2012324?
True
Is 13 a factor of 297075?
False
Is 11 a factor of 13074424?
True
Does 10 divide 338296?
False
Does 15 divide 408885?
True
Is 553 a factor of 2288314?
True
Is 5 a factor of 53861?
False
Is 97 a factor of 53447?
True
Is 23 a factor of 5347464?
False
Does 127 divide 1362350?
False
Does 63 divide 4923115?
False
Is 9659950 a multiple of 5?
True
Is 13 a factor of 8605?
False
Does 18 divide 491958?
True
Is 4987618 a multiple of 211?
True
Does 39 divide 1788313?
False
Does 15 divide 2038555?
False
Is 1811992 a multiple of 91?
True
Does 13 divide 831713?
False
Is 85 a factor of 320705?
True
Does 40 divide 110619?
False
Does 114 divide 269880?
False
Is 51 a factor of 36281?
False
Is 65 a factor of 2084785?
False
Is 8 a factor of 683693?
False
Is 801416 a multiple of 28?
True
Is 208 a factor of 3923504?
True
Is 20 a factor of 6446160?
True
Does 25 divide 9517386?
False
Is 3805174 a multiple of 422?
True
Is 343542 a multiple of 32?
False
Is 1110123 a multiple of 63?
True
Does 40 divide 632273?
False
Is 69063 a multiple of 2?
False
Is 34920 a multiple of 20?
True
Is 42680 a multiple of 11?
True
Is 250965 a multiple of 124?
False
Is 58 a factor of 110861?
False
Is 708732 a multiple of 51?
False
Is 76 a factor of 252140?
False
Is 921 a factor of 16899146?
False
Does 50 divide 1998204?
False
Is 43 a factor of 1931990?
True
Is 22914396 a multiple of 36?
True
Does 488 divide 655405?
False
Is 9140 a multiple of 2?
True
Is 23 a factor of 152476?
False
Does 4 divide 97312?
True
Is 19 a factor of 1974233?
True
Does 15 divide 1507545?
True
Is 67 a factor of 237247?
True
Is 1664945 a multiple of 303?
False
Is 38526495 a multiple of 1505?
True
Does 590 divide 6478680?
False
Does 6 divide 661098?
True
Is 176 a factor of 791296?
True
Is 66327 even?
False
Does 113 divide 529857?
True
Is 5024 even?
True
Does 216 divide 923400?
True
Does 71 divide 107210?
True
Does 93 divide 193533?
True
Does 25 divide 1522083?
False
Is 297 a factor of 2346003?
True
Is 2083 a factor of 15026749?
False
Is 20 a factor of 180380?
True
Does 1200 divide 10261682?
False
Is 3448592 a multiple of 328?
True
Is 10 a factor of 384577?
False
Is 47 a factor of 100392?
True
Is 36897 a multiple of 3?
True
Is 236500 a multiple of 22?
True
Is 47150 a multiple of 82?
True
Does 113 divide 1391934?
True
Is 600 a factor of 493800?
True
Is 109956 a multiple of 44?
True
Does 19 divide 611876?
True
Is 50680 a multiple of 70?
True
Is 505204 a multiple of 21?
False
Is 170401 a multiple of 12?
False
Does 37 divide 891219?
True
Is 980 a factor of 16688078?
False
Is 29 a factor of 1514322?
True
Is 2184 a multiple of 6?
True
Does 676 divide 2445388?
False
Does 13 divide 664313?
True
Is 85 a factor of 2188389?
False
Is 1053 a factor of 7723755?
True
Is 79464 a multiple of 44?
True
Does 530 divide 448165?
False
Is 63 a factor of 52086?
False
Does 311 divide 6469111?
True
Is 28 a factor of 3341619?
False
Does 119 divide 8409422?
False
Is 19 a factor of 2511686?
True
Is 235 a factor of 188749?
False
Is 1177119 a multiple of 475?
False
Does 3 divide 1973682?
True
Is 101 a factor of 198815?
False
Is 8457510 a multiple of 12?
False
Is 40 a factor of 13097673?
False
Does 1